base 7) to base 12.
-2507898
-d13b5 (base 14) to base 16
-7ac73
Convert -409857 (base 10) to base 7.
-3324630
Convert -20fc7 (base 16) to base 10.
-135111
Convert ae4c (base 15) to base 12.
19490
161a32 (base 13) to base 11
343728
Convert -110021120120 (base 3) to base 15.
-4b949
-2190b3b (base 12) to base 6
-345211315
-43ada (base 14) to base 13
-59891
What is -86710 (base 12) in base 16?
-2b47c
What is 2148958 (base 10) in base 11?
12385a9
Convert -2101221312 (base 4) to base 7.
-5033232
What is -13500000 (base 6) in base 11?
-293767
Convert -33110303300 (base 4) to base 2.
-1111010100110011110000
What is -110010110010010111 (base 2) in base 14?
-55b4b
Convert 128a47 (base 11) to base 16.
31602
2485a (base 14) to base 4
111311300
-1843622 (base 9) to base 10
-1032770
Convert -c4b75 (base 13) to base 14.
-92b63
Convert 354765 (base 10) to base 13.
c5628
20d4066 (base 14) to base 13
32c1965
What is 1800d (base 16) in base 8?
300015
-c6538 (base 16) to base 12
-332134
-134136121 (base 7) to base 10
-8732158
What is 1011010110001111000 (base 2) in base 14?
99716
What is -2454836 (base 10) in base 6?
-124340552
11001001000000101 (base 2) to base 16
19205
What is -6b26 (base 14) in base 10?
-18654
Convert -110011001110101010111 (base 2) to base 5.
-412204204
What is -135343 (base 6) in base 4?
-3021033
1210221023 (base 5) to base 16
2b082a
What is 4053 (base 15) in base 9?
20556
Convert -83038 (base 11) to base 6.
-2332534
What is 79293 (base 10) in base 6?
1411033
-10100330301 (base 4) to base 13
-301b51
45d721 (base 16) to base 8
21353441
22b597 (base 12) to base 16
88783
Convert 70c568 (base 13) to base 5.
1133020341
Convert -1100000001101011111000 (base 2) to base 9.
-5834534
What is 662a (base 13) in base 10?
14232
What is -6524634 (base 7) in base 10?
-796422
-341351433 (base 6) to base 14
-b84565
Convert 2acd6 (base 14) to base 9.
172460
What is -8909744 (base 11) in base 5?
-13000303241
Convert 143113251 (base 6) to base 11.
1734817
3123502 (base 7) to base 16
5bc18
12320454 (base 7) to base 14
21012b
-112102031 (base 5) to base 12
-203393
Convert -103187 (base 9) to base 2.
-1110111111010100
What is 11552304 (base 7) in base 5?
231204234
5210343 (base 7) to base 10
624438
Convert -1303033233 (base 4) to base 9.
-788466
-10561541 (base 7) to base 6
-31435145
1315d3 (base 16) to base 9
2315655
-30102121300 (base 4) to base 12
-10b4094
Convert -787b5 (base 16) to base 10.
-493493
What is 3155715 (base 8) in base 5?
203431301
400005402 (base 6) to base 8
31504312
Convert -10011000111010000111000 (base 2) to base 3.
-100102120002122
-c8c750 (base 13) to base 2
-10001111110010011000000
Convert -4613754 (base 8) to base 9.
-2316422
Convert -33013222203 (base 4) to base 6.
-220541443
What is -334569a (base 11) in base 7?
-100561614
-5d0a91 (base 15) to base 11
-257499a
Convert -110012100021111 (base 3) to base 11.
-3728415
Convert -a0e3c (base 16) to base 9.
-1213876
-30252316 (base 7) to base 15
-34ac14
What is -1a0e (base 15) in base 6?
-42035
-6336413 (base 7) to base 12
-30b1b2
748022 (base 11) to base 6
41351441
Convert -41a914 (base 11) to base 15.
-d473e
Convert 560c5 (base 15) to base 5.
32223220
Convert -11010010011110101 (base 2) to base 13.
-3a088
Convert -4451044 (base 6) to base 8.
-666304
What is 101210110022 (base 3) in base 4?
303313313
-5374442 (base 9) to base 3
-12102111111102
Convert 23003 (base 4) to base 9.
865
1102002220210 (base 3) to base 10
750081
Convert -28433 (base 11) to base 12.
-1b4aa
Convert 52a0964 (base 12) to base 2.
111011101001011101011100
What is -54813 (base 15) in base 11?
-17375a
53127 (base 10) to base 3
2200212200
Convert -131539 (base 10) to base 4.
-200013103
What is -330a4a (base 11) in base 8?
-2007724
24056105 (base 7) to base 13
598427
Convert a7469 (base 15) to base 8.
2014672
Convert a8b17 (base 15) to base 11.
336573
What is 186cb (base 13) in base 5?
3003233
What is -1211332102 (base 4) in base 14?
-ac306
Convert -129806 (base 13) to base 4.
-1231300022
Convert 575526 (base 8) to base 14.
51302
What is -2620542 (base 7) in base 10?
-341217
Convert 1edd0b (base 16) to base 2.
111101101110100001011
What is 114874 (base 10) in base 7?
655624
Convert -141092 (base 10) to base 9.
-234478
-31013 (base 10) to base 7
-156263
What is -44a5e7 (base 16) in base 6?
-240232155
472b723 (base 12) to base 13
2b043a9
10836361 (base 9) to base 8
24107744
25083 (base 9) to base 7
100050
Convert 331123312 (base 4) to base 10.
251638
Convert 2ab5db (base 15) to base 10.
2063456
-4102453 (base 9) to base 15
-2d2d63
Convert -4026666 (base 7) to base 11.
-2a6a82
Convert 125003 (base 7) to base 2.
101101100011111
-1928b (base 14) to base 4
-33202023
Convert 1100011101000100111 (base 2) to base 11.
259683
Convert 10100000011111110110 (base 2) to base 13.
1a02c1
13275752 (base 8) to base 4
23113233222
What is -6240304 (base 7) in base 10?
-749263
Convert 160122 (base 10) to base 4.
213011322
Convert 805773 (base 12) to base 7.
23001021
What is 11011001101100011 (base 2) in base 11?
76817
What is -194096 (base 10) in base 9?
-325222
Convert -2104240232 (base 5) to base 14.
-819c9a
What is -261755 (base 9) in base 7?
-1231001
What is -1ee97 (base 15) in base 10?
-101167
-491796 (base 12) to base 2
-100100001010000100010
-68a7244 (base 11) to base 2
-101110000011101100111111
Convert 3230321233 (base 4) to base 12.
3a9667
baf67 (base 16) to base 14
15d11d
Convert -2b6153 (base 15) to base 12.
-851096
Convert -221212101102022 (base 3) to base 12.
-472b075
-b321e (base 16) to base 6
-23420514
What is -103001111 (base 4) in base 9?
-127775
What is 445711 (base 11) in base 9?
1302282
What is -4bba8a (base 14) in base 8?
-11742072
Convert -302131233 (base 4) to base 14.
-55487
What is 1bb31 (base 13) in base 5?
3222002
Convert 20680 (base 11) to base 8.
72620
What is -412547 (base 10) in base 16?
-64b83
What is 66602413 (base 7) in base 4?
111323202112
-3b78a (base 13) to base 16
-1b22b
22122202000 (base 3) to base 10
170397
What is 11010011011100001 (base 2) in base 3?
12111111112
-10220110001110 (base 3) to base 2
-111111010101101101110
What is -6c76d (base 16) in base 9?
-746372
What is -5460c1 (base 14) in base 8?
-12720631
What is 3604641 (base 7) in base 9?
763723
Convert -2ea74 (base 16) to base 15.
-3b947
What is -82955 (base 13) in base 9?
-386565
Convert -2189322 (base 11) to base 3.
-21012202210200
Convert 2200200100100 (base 3) to base 10.
1430550
Convert 102010201202222 (base 3) to base 5.
3003404232
-3003300113 (base 4) to base 16
-c3c17
Convert -6810554 (base 9) to base 10.
-3668053
Convert 330112054 (base 6) to base 11.
3361984
What is -103103011 (base 4) in base 15?
-1864a
What is -110010111021 (base 3) in base 10?
-238741
4ec498 (base 16) to base 9
10637106
-307823 (base 10) to base 16
-4b26f
What is -1001011002021 (base 3) in base 6?
-15513141
Convert 214750 (base 12) to base 4.
2000200230
What is -432558 (base 9) in base 6?
-5305255
What is -3444120 (base 6) in base 13?
-62844
Convert 49275 (base 14) to base 4.
223222213
What is 878275 (base 9) in base 16?
8005d
What is 42319 (base 10) in base 6?
523531
What is -21212101110 (base 3) in base 8?
-456316
Convert a023 (base 16) to base 3.
2002020100
22063440 (base 8) to base 16
486720
-759087 (base 15) to base 3
-101112110201201
What is 11022122110201 (base 3) in base 7?
25341526
25263226 (base 7) to base 13
61ca98
What is 1d37b (base 15) in base 5?
11022131
-31323213100 (base 4) to base 11
-2074924
What is -9108803 (base 10) in base 9?
-18122832
What is 158378 (base 9) in base 11?
676a1
-29271 (base 12) to base 14
-16cbb
Convert -73a06e (base 15) to base 7.
-64521635
-111012201 (base 4) to base 14
-236db
b61eb (base 15) to base 7
4623611
-2123011113 (base 5) to base 16
-44ad2f
Convert -16275043 (base 9) to base 2.
-11111000011001000111100
2102404020 (base 5) to base 6
233013503
What is -490929 (base 12) in base 2?
-100100000111000110001
-a6947 (base 15) to base 3
-222212002111
bac57 (base 16) to base 9
1385356
What is 26231 (base 10) in base 13?
bc2a
What is -3244221114 (base 5) in base 4?
-122302222310
Convert 100011100000100100110101 (base 2) to base 10.
9308469
-5222426 (base 7) to base 9
-1155762
What is -3203234 (base 6) in base 12?
-7651a
1a8869 (base